15
-8
-2 (base 7) to base 3
-2
What is 1 (base 8) in base 3?
1
What is 2 (base 3) in base 11?
2
-1000 (base 2) to base 13
-8
What is -2 (base 11) in base 3?
-2
Convert -3 (base 9) to base 11.
-3
102 (base 5) to base 7
36
What is -5 (base 9) in base 5?
-10
What is 4 (base 8) in base 3?
11
-101 (base 2) to base 9
-5
Convert -21 (base 14) to base 4.
-131
-1 (base 10) to base 14
-1
Convert -1000110 (base 2) to base 8.
-106
15 (base 6) to base 8
13
What is -210 (base 3) in base 12?
-19
What is 9 (base 11) in base 12?
9
What is -6 (base 12) in base 7?
-6
What is -6 (base 11) in base 3?
-20
4 (base 11) to base 8
4
What is 35 (base 7) in base 13?
20
0 (base 6) to base 8
0
-21 (base 8) to base 14
-13
12 (base 4) to base 14
6
3 (base 7) to base 4
3
Convert 2 (base 15) to base 12.
2
Convert -336 (base 9) to base 10.
-276
What is 0 (base 2) in base 15?
0
-3 (base 6) to base 11
-3
What is -11 (base 2) in base 11?
-3
1001101 (base 2) to base 12
65
Convert -4 (base 13) to base 12.
-4
Convert -1b6 (base 14) to base 9.
-435
What is 2 (base 8) in base 2?
10
Convert 10 (base 7) to base 16.
7
What is -133 (base 6) in base 9?
-63
Convert -25 (base 6) to base 5.
-32
What is -12 (base 5) in base 7?
-10
Convert -5 (base 12) to base 14.
-5
Convert -7 (base 9) to base 7.
-10
1 (base 3) to base 15
1
-9c (base 15) to base 9
-173
Convert 52 (base 6) to base 12.
28
-b (base 15) to base 10
-11
Convert -4 (base 9) to base 13.
-4
What is -3 (base 15) in base 5?
-3
What is 5 (base 12) in base 14?
5
1 (base 6) to base 2
1
-2 (base 9) to base 6
-2
What is 2 (base 12) in base 16?
2
What is -101000101 (base 2) in base 9?
-401
145 (base 7) to base 13
64
What is 71 (base 15) in base 9?
127
10 (base 8) to base 10
8
What is 7b (base 12) in base 5?
340
Convert -33 (base 7) to base 3.
-220
-36 (base 10) to base 14
-28
What is -5 (base 6) in base 11?
-5
Convert 79 (base 13) to base 16.
64
1000001 (base 2) to base 11
5a
What is -3 (base 8) in base 12?
-3
Convert -11 (base 2) to base 10.
-3
What is -211 (base 7) in base 4?
-1222
-11 (base 4) to base 16
-5
Convert -22 (base 12) to base 6.
-42
Convert -3 (base 6) to base 5.
-3
What is 5 (base 14) in base 3?
12
0 (base 6) to base 4
0
Convert 1 (base 9) to base 6.
1
What is -100000111 (base 2) in base 8?
-407
Convert -20 (base 4) to base 7.
-11
-a (base 14) to base 12
-a
What is -60 (base 10) in base 11?
-55
-24 (base 7) to base 3
-200
Convert 3 (base 10) to base 7.
3
What is 22 (base 16) in base 10?
34
10 (base 7) to base 9
7
-3012 (base 4) to base 9
-240
What is -2 (base 6) in base 5?
-2
What is 165 (base 8) in base 6?
313
What is -1001 (base 3) in base 2?
-11100
1000 (base 2) to base 13
8
3 (base 15) to base 9
3
Convert -1c (base 15) to base 12.
-23
-6b (base 14) to base 13
-74
What is 10200 (base 3) in base 15?
69
Convert 112 (base 4) to base 5.
42
What is -a (base 13) in base 9?
-11
8 (base 12) to base 10
8
-3 (base 16) to base 5
-3
Convert 15 (base 12) to base 4.
101
Convert 10000 (base 3) to base 4.
1101
6c (base 13) to base 8
132
What is 2 (base 15) in base 3?
2
Convert 0 (base 6) to base 10.
0
What is 13 (base 6) in base 13?
9
What is 63 (base 8) in base 9?
56
-1 (base 6) to base 5
-1
Convert 551 (base 6) to base 10.
211
Convert -1 (base 5) to base 3.
-1
Convert -c (base 16) to base 2.
-1100
-2221 (base 3) to base 5
-304
f (base 16) to base 10
15
-23 (base 7) to base 3
-122
Convert -8 (base 10) to base 15.
-8
-19 (base 12) to base 5
-41
3 (base 16) to base 5
3
Convert 3 (base 14) to base 9.
3
101 (base 2) to base 3
12
Convert 121 (base 7) to base 2.
1000000
133 (base 4) to base 10
31
-101 (base 6) to base 8
-45
What is -b4 (base 13) in base 10?
-147
Convert -1 (base 5) to base 13.
-1
411 (base 8) to base 3
100211
What is 102 (base 3) in base 5?
21
-51 (base 11) to base 15
-3b
-10112 (base 3) to base 11
-87
11 (base 3) to base 16
4
4 (base 8) to base 16
4
Convert 8 (base 15) to base 6.
12
What is 39 (base 16) in base 11?
52
Convert -2 (base 15) to base 2.
-10
Convert -1f (base 16) to base 9.
-34
Convert -64 (base 10) to base 3.
-2101
What is e (base 16) in base 14?
10
Convert -5 (base 6) to base 9.
-5
22 (base 8) to base 2
10010
1 (base 4) to base 10
1
-1 (base 5) to base 15
-1
What is -66 (base 12) in base 6?
-210
What is -1 (base 2) in base 8?
-1
213 (base 10) to base 16
d5
Convert -10 (base 2) to base 3.
-2
11102 (base 3) to base 14
87
What is 10 (base 6) in base 9?
6
Convert 52 (base 7) to base 6.
101
155 (base 10) to base 9
182
15 (base 13) to base 12
16
10 (base 4) to base 14
4
What is -6 (base 7) in base 15?
-6
Convert 22 (base 4) to base 11.
a
What is -51 (base 8) in base 16?
-29
What is 20 (base 5) in base 10?
10
Convert 3 (base 9) to base 2.
11
What is 45 (base 15) in base 9?
72
Convert -42 (base 7) to base 9.
-33
Convert -242 (base 7) to base 6.
-332
Convert -5 (base 6) to base 10.
-5
Convert 42 (base 10) to base 12.
36
Convert 2 (base 15) to base 2.
10
What is -2 (base 5) in base 15?
-2
Convert -4d (base 14) to base 16.
-45
-54 (base 12) to base 8
-100
What is 1 (base 16) in base 3?
1
What is 48 (base 15) in base 4?
1010
What is 12 (base 16) in base 13?
15
Convert -3302 (base 4) to base 6.
-1042
What is -3 (base 6) in base 8?
-3
Convert 2 (base 8) to base 5.
2
What is 37 (base 11) in base 12?
34
What is 0 (base 4) in base 7?
0
Convert -4 (base 7) to base 10.
-4
What is 1 (base 8) in base 11?
1
What is d (base 16) in base 4?
31
-1 (base 14) to base 6
-1
-13 (base 6) to base 15
-9
0 (base 14) to base 10
0
What is 100 (base 2) in base 3?
11
Convert -23 (base 7) to base 6.
-25
-11 (base 2) to base 14
-3
Convert 1 (base 16) to base 6.
1
Convert -100 (base 2) to base 11.
-4
What is 13 (base 7) in base 13?
a
What is b (base 12) in base 13?
b
-2 (base 10) to base 11
-2
What is 5 (base 14) in base 8?
5
What is 22 (base 7) in base 12?
14
0 (base 14) to base 16
0
3 (base 9) to base 13
3
-6 (base 13) to base 12
-6
Convert -b (base 14) to base 9.
-12
Convert -5 (base 14) to base 7.
-5
-23 (base 16) to base 4
-203
What is -143 (base 5) in base 9?
-53
Convert 2 (base 9) to base 13.
2
7 (base 13) to base 4
13
62 (base 12) to base 16
4a
Convert 3 (base 6) to base 7.
3
What is 0 (base 5) in base 8?
0
What is -c (base 13) in base 2?
-1100
0 (base 10) to base 3
0
1011001 (base 2) to base 16
59
Convert 0 (base 2) to base 11.
0
Convert -11211 (base 3) to base 9.
-154
-2 (base 8) to base 15
-2
-9 (base 10) to base 11
-9
What is 0 (base 13) in base 16?
0
What is -5 (base 14) in base 15?
-5
What is 13 (base 12) in base 14?
11
What is 11 (base 5) in base 12?
6
What is -1100 (base 2) in base 6?
-20
What is -101 (base 2) in base 8?
-5
2 (base 4) to base 13
2
What is -21 (base 5) in base 3?
-102
Convert -23 (base 9) to base 12.
-19
What is -1 (base 11) in base 5?
-1
Convert -5 (base 15) to base 2.
-101
Convert 3 (base 11) to base 5.
3
2 (base 16) to base 7
2
2 (base 7) to base 6
2
Convert 19 (base 16) to base 12.
21
What is -8 (base 16) in base 5?
-13
What is 9 (base 14) in base 16?
9
What is -24 (base 11) in base 3?
-222
Convert -21 (base 9) to base 16.
-13
What is a7 (base 12) in base 2?
1111111
Convert 12 (base 5) to base 12.
7
Convert 3 (base 15) to base 8.
3
What is -6 (base 15) in base 10?
-6
Convert 16 (base 11) to base 12.
15
c (base 14) to base 10
12
Convert 15 (base 9) to base 6.
22
Convert -12 (base 6) to base 2.
-1000
-2 (base 13) to base 7
-2
What is 65 (base 7) in base 9?
52
-3 (base 14) to base 11
-3
What is -24 (base 13) in base 7?
-42
Convert 14 (base 7) to base 11.
10
-5 (base 6) to base 14
-5
What is -3 (base 6) in base 10?
-3
What is -3033 (base 4) in base 16?
-cf
What is 10 (base 10) in base 14?
a
What is 10 (base 9) in base 13?
9
What is 15 (base 9) in base 11?
13
3 (base 13) to base 12
3
Convert -224 (base 5) to base 2.
-1000000
What is 1 (base 11) in base 10?
1
What is -59 (base 13) in base 16?
-4a
What is 6 (base 13) in base 14?
6
-c (base 16) to base 11
-11
What is -1 (base 13) in base 7?
-1
What is -6 (base 12) in base 9?
-6
What is 144 (base 8) in base 13?
79
What is 14 (base 12) in base 6?
24
-25 (base 8) to base 7
-30
What is 1 (base 6) in base 13?
1
-12 (base 14) to base 4
-100
-107 (base 14) to base 11
-175
What is 0 (base 2) in base 7?
0
Convert -11 (base 2) to base 13.
-3
What is -15 (base 7) in base 8?
-14
What i